-2) + (-12 - (-19 + 11)).
-2
Calculate 1 + 3 + (6 - 14 - 2).
-6
What is the value of 0 - -3 - -2 - 0?
5
What is (0 - 1) + (-2 - -7 - 5)?
-1
What is the value of 1 + -15 + 78 + -71?
-7
Evaluate -15 - -8 - (0 + 0).
-7
What is 2 + -4 - (-1 + -6 + 2)?
3
3 + 2 - (7 - 2 - 1)
1
What is 8 - (9 + (-2 - 2))?
3
What is 2 + (4 - 8) + 5?
3
What is 7 + -2 - (7 - (-1 - -11))?
8
Evaluate 1 + 0 - (-3 + 6).
-2
What is 42 - 34 - (0 + 1)?
7
What is -1 + 6 - (1 + 0) - 6?
-2
Evaluate (-6 - -7) + (-7 - -1).
-5
7 - (-5 - -1 - -8 - 0)
3
Evaluate (21 - 21) + (0 - -10 - 2).
8
What is the value of (7 - (0 + 14)) + 2 + 3?
-2
(-2 - (1 + -11)) + -3
5
-7 - (4 - -1 - 12)
0
What is the value of 5 + -10 + (-3 - (-4 + -1))?
-3
Calculate (-12 - (-13 - 1)) + -1.
1
-7 - (12 + -8 - 1)
-10
Calculate -12 - (-9 - (5 + -5)).
-3
Evaluate 5 + (8 - 12) - 0.
1
Evaluate 0 - (6 + -3) - 4.
-7
4 + -1 - (6 + (1 - 7))
3
What is the value of (1 - -1) + (1 - (13 + -12))?
2
-7 - -4 - (14 + -12)
-5
What is the value of 12 - 2 - (-11 - -19)?
2
Calculate 2 + (-1 - (-4 + 4 + 1)).
0
2 - ((5 - 3) + -4)
4
What is 1 + 6 + -12 + 6?
1
What is the value of 11 + 7 + -11 + -4?
3
What is 6 + 1 + -1 + -10 + 5?
1
Calculate -2 - (-3 + 1 + 1) - 3.
-4
Evaluate (2 + -2 - -1) + 3 - 2.
2
What is -6 - (-15 + (4 - -3)) - 7?
-5
What is the value of -1 + (4 - (-2 + 4)) - 2?
-1
What is the value of 4 + 0 + (6 - 26) + 12?
-4
What is the value of (13 - 1) + -5 + -10?
-3
Calculate -13 + 11 - (-2 - 3).
3
3 + -10 - (-4 + 4)
-7
Calculate (7 - (-2 + 9)) + (-5 - -4).
-1
(1 - -1 - 3) + (-1 - -4)
2
Calculate 2 + (8 + -10 - (-1 + -2)).
3
Calculate -2 - (4 + (4 - 12)).
2
What is (7 - 16 - -15) + (1 - 0)?
7
1 - (-4 + (-1 - -2))
4
Calculate 5 + (4 - (3 - (-6 + -1))).
-1
What is (-1 + 2 - 3) + (6 - 4)?
0
Calculate -1 + -2 + -3 + 5 + 6.
5
Calculate 1 + -5 - (10 + -9) - -4.
-1
(4 - -2) + 4 - 4
6
What is the value of 2 + ((5 - 5) + -5 - 1)?
-4
Calculate (-12 - (-7 - -1)) + 8.
2
Evaluate -2 - (-8 - -9 - -5).
-8
What is the value of (3 - -3) + (-10 - -1)?
-3
What is the value of 3 + 1 - (-1 - -4)?
1
-13 + 2 + (-1 - -9)
-3
1 - 7 - -2 - (-11 + 2)
5
Calculate -15 + 14 + (-1 - -3).
1
Calculate 5 + 4 + -4 + -1 + 2.
6
-1 - (0 - 1 - -2)
-2
What is 13 + (-15 - (-23 - -12))?
9
Evaluate 7 - (3 + 24 + -13).
-7
Calculate -7 - (1 + -2 - 2).
-4
Calculate 1 + -1 + 2 - (23 + -25).
4
Evaluate -3 + 0 - (1 - 8).
4
Calculate 12 + (5 - -5 - 13).
9
Evaluate 7 + -5 + 4 + -3.
3
Calculate 2 - -8 - 10 - 2.
-2
Calculate -190 + 195 + (-5 - (-1 - 0)).
1
What is -15 + 14 - (-2 + 1) - 3?
-3
Evaluate -2 - -1 - 4 - (2 - 5).
-2
11 + 17 + -9 + -18
1
Evaluate 4 - 2 - (-2 + 4).
0
Calculate (4 - 8) + 11 + -2.
5
-7 - (-26 - (1 + -11))
9
-10 - (2 + 4 + -6 + -5)
-5
Calculate -6 + 4 + -6 + 3.
-5
Evaluate 4 - (6 + (1 + 4 - 7)).
0
Calculate (-111 - -113) + (8 - 1).
9
What is -12 + -10 + 0 + 12?
-10
What is 6 - (-5 - 6 - -15)?
2
Evaluate 4 + -9 - -5 - -2.
2
Calculate (2 - 9) + -2 + 7.
-2
What is (116 - 106) + 0 + -8?
2
Evaluate 3 + -1 - (20 - 10).
-8
Calculate -3 - -4 - (-15 - -16).
0
What is the value of -9 - (-4 - (-7 + 10)) - -7?
5
Calculate -7 - (-5 + 5 - 1).
-6
Evaluate (-2 - -5) + -3 - -5 - 7.
-2
1 + -5 - (2 - -2) - -5
-3
Evaluate 7 - 7 - (-3 - 0).
3
Evaluate (2 - -2) + -4 + -22 + 17.
-5
Evaluate 1 + -2 - (-5 + 9).
-5
Calculate 1 + 1 - (-66 - -73).
-5
What is the value of 77 + -73 + 0 + 4?
8
Calculate 2 + 3 - (9 - 5).
1
Evaluate (1 - (5 - 2)) + (5 - 1).
2
What is the value of 8 - (12 - (0 + 12 + -6))?
2
0 + (1 - -2 - (4 - 3))
2
1 + 1 - (-37 - -36)
3
What is (-14 - -4) + (28 - 16)?
2
2 + (4 - (7 + -2))
1
Calculate 0 + -1 + (3 + -6 - 0).
-4
What is (-6 - 11) + -1 - -10?
-8
Evaluate (10 - (23 + -3)) + 12.
2
Evaluate 3 + (-2 + -1 - (0 + -4)).
4
What is the value of 3 - ((1 - (3 + -2)) + 3)?
0
What is 2 + (-14 - -25) + -20?
-7
Calculate -3 - (2 + -2) - -13.
10
Evaluate -4 + -4 + 7 + -3.
-4
0 + (0 - (-1 + (0 - -2)))
-1
Calculate 11 + -3 + -4 + -3.
1
What is 0 + (1 - 3) + -1 - -2?
-1
Evaluate -4 - (3 - 3) - (3 - 1).
-6
What is the value of -3 + (2 + (0 - 0) - -4)?
3
Evaluate 3 + (-1 - (-3 - (2 + -2))).
5
Calculate 4 + -2 + 4 + -5.
1
What is the value of 1 + (0 - 2 - (1 - 5))?
3
What is 20 - 26 - (0 + -8)?
2
-3 + -3 - -2 - -5
1
Evaluate 2 - (-4 - ((5 - 12) + 0)).
-1
What is -17 + 22 - (3 - -1)?
1
Calculate (-5 - (7 + -1 + 0)) + 1.
-10
Evaluate 3 + -1 + 2 - (-2 - -6).
0
What is 8 + 6 - (0 - -10)?
4
What is the value of (2 - (-3 + 8)) + -1 + 0?
-4
What is the value of -2 + 1 - ((-1 - -5) + -3)?
-2
Evaluate (-6 - (-2 - -2)) + (3 - -1).
-2
What is (-13 - -16) + (1 - (0 - 0))?
4
-2 + 7 + -8 - -6
3
Evaluate -3 + (0 - -3) + 4.
4
Evaluate -1 + 3 - (5 - 7 - -6).
-2
Calculate 0 + 4 + 2 + -4 - -2.
4
What is the value of 18 + (-5 - 4) + -4?
5
What is the value of 7 + (3 + -2 - 5)?
3
What is the value of 6 + -13 - 2 - -2?
-7
Evaluate 14 + -12 + -4 + -2.
-4
Calculate (2 - (5 - 6)) + -4.
-1
-2 - -4 - 1 - 2
-1
What is 0 - (-7 + 1) - (60 - 60)?
6
2 - (-5 + 8 + (4 - 3))
-2
Evaluate (-3 - (-10 - -5)) + -3.
-1
What is 5 + (1 - (-2 + 3 - 0))?
5
(-3 - -6 - 0) + -7
-4
Evaluate (-5 - -9 - 9) + 10.
5
Evaluate -9 - (-3 + 0 + -6).
0
Evaluate (-11 - 0) + -30 + 33.
-8
Evaluate (0 - -5) + -12 + 12 - 10.
-5
What is the value of -8 + (-5 - -9) - -5?
1
What is the value of (6 - (5 - -2)) + 6?
5
-13 - (-11 - (-7 + 5))
-4
-4 - ((-2 - 1) + -4)
3
Calculate (1 - (9 + -12)) + -7.
-3
Calculate -1 + 6 + -19 + 19.
5
What is -3 - (1 + 6 + -3 - 10)?
3
What is the value of -4 + 6 + -9 + 6?
-1
What is the value of (2 + -4 - -7 - 4) + -6?
-5
Evaluate 6 + (-11 - -7) - 6.
-4
(-5 - -10) + -6 + -1 + -4
-6
Evaluate 1 - -5 - (3 - 2).
5
7 + -1 - (10 + (8 - 12))
0
Calculate 3 + (-3 - (0 - -3)).
-3
Calculate (2 - (1 + -5 - -1)) + -6.
-1
What is the value of 12 + -1 + -3 + -3 + -4?
1
What is the value of 13 - 13 - ((1 - 1) + -5)?
5
What is the value of -9 - -5 - (-8 - -10)?
-6
Evaluate (2 - (-2 + 4)) + (5 - 0).
5
What is 5 + -8 + 5 + 5?
7
Calculate -15 - (-14 + 0 + 3).
-4
What is -1 + 3 + (-7 - -7)?
2
Evaluate (4 - 2) + (0 - 3).
-1
5 - (2 + 1) - (14 - 4)
-8
What is the value of -9 + 9 + -1 + (-2 - -2)?
-1
8 - (18 - 9) - (1 + -2)
0
Calculate (-1 - 0) + 5 + -1.
3
Evaluate -4 + -3 + (2 - -5).
0
8 + 9 + -11 + -14
-8
What is the value of -1 - (6 - 4) - 1?
-4
What is 12 + -11 + 1 + 3 + 0?
5
What is the value of 7 + -1 - (13 + 2 + -3)?
-6
What is -9 + -5 + 12 + 4?
2
What is the value of (8 - (-1 + 6)) + -6 - -2?
-1
0 - (-2 - (-4 - 4))
-6
Evaluate -3 + 1 + 2 - (-4 - -4).
0
5 - 2 - (20 + -9)
-8
What is the value of (3 + 16 - 13) + -9?
-3
1 + -2 - (-16 - -19)
-4
Evaluate (-5 - (1 - 0)) + 9 + -1.
2
What is 11 - (0 + (1 + -1 - -4))?
7
What is the value of 11 - 5 - 5 - 6?
-5
What is the value of (-6 - 1) + -5 + 15?
3
Evaluate (-76 - -69 - (1 + -4)) + 12.
8
Calculate 1 + (1 - -5) - 6.
1
Evaluate -3 - (0 - 4 - -1).
0
Evaluate -1 + (-4 - -9) + 0.
4
What is the value of -1 + (3 - (4 - 5))?
3
Evaluate 8 - (9 + -2 - 1).
2
What is the value of (-3 - -1 - -1) + (38 - 31)?
6
What is the value of -5 - (5 - (0 + 9))?
-1
What is the value of (5 - -2 - 9) + (-2 - -1)?
-3
-1 + -1 + (4 - 4) + -2
-4
Calculate 10 + (2 - 5 - 2).
5
(4 - (-4 - -7)) + 0
1
What is the value of -7 + 1 - (-1 - 1)?
-4
Evaluate -6 + 13 + -18 - -5.
-6
-3 + 8 + 0 + -15 + 7
-3
Calculate -3 + (5 + -2 + 5 - 7).
-2
Evaluate -4 + (4 - -1) - -5.
6
Calculate -7 + (-10 - -22) - 6.
-1
Evaluate 16 + -15 + (-1 - 4).
-4
What is the value of 0 + 5 + 0 + 0?
5
Evaluate 3 + 0 + 4 - (13 - 10).
4
(6 - (3 + 3)) + 0
0
Evaluate 5 + -10 + 4 + 10.
9
-1 - (2 + -1 + -3 - -3)
-2
Calculate (0 - 4) + (-1 - 0).
-5
3 + 5 + -14 + 2
-4
Calculate 1 + (7 - 4 - (2 - -1)).
1
What is 2 - (4 + -2) - -5?
5
What is the value of -4 + (13 - (7 + 0))?
2
(1 - (0 + 2)) + 1 + -2
-2
Calculate -6 + (4 - (3 - 5)).
0
Evaluate (-1 + 0 - (2 + 0)) + -1.
-4
Calculate (6 - -2) + -6 - 1.
1
9 + 12 + -24 + -4
-7
9 + -7 + -1 + -3 + 2
0
(-14 - -5) + 4 + 5
0
What is 1 - (12 + -3 + -7)?
-1
What is the value of 9 - (-8 + 7) - 4?
6
Calculate 11 + -4 - 5 - (2 - 3).
3
Calculate -1 - 3 - (-1 - -10 - 7).
-6
-2 - -1 - (8 + -5 - 3)
-1
What is the value of 4 + -5 + 5 + 6 + -4?
6
Calculate 1 + 0 - (1 - 4).
4
What is the value of -2 + (7 - 7) + -4 + 1?
-5
Calculate (-2 - 2) + 2 - 1.
-3
Calculate 7 + -6 + 1 + 3.
5
Evaluate 2 + -6 + 13 + -2 + -3.
4
Calculate (-5 - -2) + 4 